
True
Let j(l) = -l**3 - 34*l**2 - 36*l - 145. Is j(-46) a composite number?
False
Is (-27 + 24)*47014/(-6) a composite number?
True
Let m(c) = 373*c + 43. Is m(6) a prime number?
True
Let j be -3*(3 - -1)/(-12). Suppose j + 4 = -x. Let f(q) = -21*q + 1. Is f(x) a prime number?
False
Suppose 10967 = 5*i + 2*t, -22*i - 5*t + 2175 = -21*i. Is i composite?
True
Let x(o) = 9*o**2 + 98*o - 262. Is x(-71) composite?
False
Let j(q) = q**3 - q**2 + 2*q + 2. Let x be j(-4). Let i = 459 + x. Is i composite?
False
Suppose 2*z - z = -3*f + 68, 0 = -3*z + 2*f + 160. Is (-5925)/(-4) - 7/z*2 a prime number?
True
Suppose -9*l + 8*l + 652 = 0. Let a = l + -65. Is a a prime number?
True
Let t(v) = -7*v + 479. Is t(0) prime?
True
Suppose 35*i - 55*i = -216020. Is i a composite number?
True
Suppose -4*i = -0*i - 152. Suppose -4*y - 2 = -5*y + 5*l, 4*y + 3*l + i = 0. Is -2 + 4/(y/(-1286)) prime?
True
Let m = -19 - -22. Suppose 0 = -4*k + 4*q + 352, 0 = -7*q + m*q + 4. Is k a prime number?
True
Suppose -3*w + 4 + 5 = 0, 0 = -4*i + w + 9. Suppose 2502 = i*f - 2469. Is f a composite number?
False
Let o(v) = -384*v + 91. Is o(-8) a composite number?
False
Let q = 905 + -513. Suppose 4*h = -2*v + 170, -5*v - h + 2*h + q = 0. Let x = -14 + v. Is x prime?
False
Suppose 0*i + 4*i + 212 = 0. Let u = 92 + i. Is u composite?
True
Let f be (-16 + 12 + (-11)/(-3))*-7818. Let c = -587 + f. Is c prime?
False
Let w = -22 + 25. Suppose -3 = 3*c + w. Let d(o) = 18*o**2 + o + 4. Is d(c) composite?
True
Let s(n) = -9*n**3 + 4*n**2 - 15*n + 1. Is s(-6) a composite number?
False
Is 91684/10*1920/256 a composite number?
True
Let i = 1 - -4. Suppose i*b + 105 = 8*b. Is b a composite number?
True
Suppose 0 = -8*r - 6 + 30. Suppose 0 = -3*t + r*l + 727 + 185, 3*t - 4*l - 911 = 0. Is t composite?
True
Let f = -29 - -33. Suppose -5*p + 5*m = -3755, f*m - 751 = -p + m. Is p a prime number?
True
Suppose -2*j + 3*w - 4*w = -2211, 4*j - 2*w - 4402 = 0. Suppose -112 = s - j. Is s a prime number?
True
Suppose 0 = 24*o - 58799 - 41185. Is o a prime number?
False
Is 665722/266 + (-5)/((-35)/2) a prime number?
True
Suppose -29 + 137 = 4*v. Suppose 183 = 4*k + v. Is k prime?
False
Let v be 4454/10 + (-8)/20. Suppose -4*d + v = -31. Is d composite?
True
Let l = -5295 + 14428. Is l prime?
True
Suppose -3*x = 2*q - 55, 3*x + 4*q - 72 = -x. Let f(d) = 14*d**2 - 41*d - 10. Is f(x) composite?
True
Let f(n) = n**2 + 2*n. Let r be f(-3). Let c be (r - 4)/(3/(-36)). Is 1424/c - (-2)/6 composite?
True
Let p(j) = -2*j + 22. Let y be p(-12). Let i = -39 + y. Is i composite?
False
Is (-84)/9*(-41589)/12 a composite number?
True
Let q(c) = -27*c + 17. Let m = -24 + 18. Is q(m) prime?
True
Suppose -3*n - 3*p + 27990 = 0, 0 = 3*n - 6*n - p + 28000. Is n a prime number?
False
Let w be (435/2)/((-21)/(-28)). Let j = 489 + w. Is j composite?
True
Suppose 0 = -3*n - n. Suppose n*r + r - 201 = 0. Is r a prime number?
False
Let d be 0*5*(-5)/(-25). Let t be -1 + 1*(2 + 1). Suppose 4*f - 51 = -m, -m + 4*f - t*f + 27 = d. Is m a composite number?
True
Is (2 - 0)/(74/109409) prime?
True
Suppose -3 - 1 = -2*g. Suppose 0 = g*a - 181 - 65. Is a a composite number?
True
Suppose 0 = -3*o + 2815 + 15548. Is o a composite number?
False
Let n = -706 + 1589. Let k = n + -572. Let h = k + -184. Is h a prime number?
True
Let l(d) = 3*d**3 + d**2 - 3*d - 3. Let v be l(-2). Let z = v - -21. Let y(r) = 199*r - 9. Is y(z) prime?
True
Is (-30655)/(-20)*32/8 a prime number?
True
Suppose o - 11 = -2*z, -3*z + 21 = -0*o + 3*o. Let w(j) = 138*j + 5. Is w(o) composite?
False
Let r(h) = 243*h - 97. Is r(6) a composite number?
False
Let f(r) be the third derivative of 31*r**5/10 - r**3/6 + 6*r**2. Is f(-1) prime?
False
Let j(k) = 3 - 2 + 6*k**2 + 1. Let a(u) = -u**3 + 9*u**2 - 8*u + 2. Let z be a(8). Is j(z) composite?
True
Let w(i) = -i - i - 18 + 20 + 3*i. Let c be w(6). Is c/2*(-445)/(-20) a prime number?
True
Let v(w) = -w**2 - 5*w + 4. Let t be v(-7). Let y = t - -12. Suppose -4 = j - y*j, 373 = 3*s - 2*j. Is s a composite number?
False
Suppose -18 = -6*j + 3*j. Suppose j*b - 2*b = 1052. Is b prime?
True
Let m(o) = -1179*o - 2. Is m(-1) a composite number?
True
Let o = 25 - 21. Let a(z) = 2 - 4*z - 2*z**2 + o*z**2 + 37*z**3 + 0*z. Is a(2) a composite number?
True
Let g(y) = 339*y**2 + 9*y - 65. Is g(8) a prime number?
False
Let t(o) = 254*o**2 - 11*o + 40. Is t(3) prime?
True
Let g(h) = 17*h**2 + 2*h - 2. Let c be (-3)/1 + (-6 - -4). Is g(c) composite?
True
Let u(c) = -7*c**3 - 3*c**2 - c + 4. Suppose -l - 2 = -3*h - 11, -3 = h + 2*l. Is u(h) composite?
True
Let n = 15849 - 9176. Is n a prime number?
True
Let r(a) = a**3 - 10*a**2 + 11*a - 4. Let i be r(9). Suppose -17 = u - i. Is u/3 + 2 + 58 a prime number?
True
Let f be -22*(4/(-2) - (-2)/2). Let p = f - -31. Is p prime?
True
Let c = -456 + 254. Is -3*(-3 + c/3) a composite number?
False
Let u(j) = -22*j**3 - 6*j**2 + j + 4. Is u(-3) a prime number?
True
Let s = -81 - -180. Let w = s - 33. Suppose 3*a - a = w. Is a a prime number?
False
Suppose -4*r + 2*z - 12 = 3*z, 2*r = 5*z + 16. Let l be r - 36/(-8)*2. Suppose -2*f + 3*x = -595, -4*f - l*x = -3*x - 1160. Is f prime?
True
Let n = -14436 + 21551. Is n a composite number?
True
Let g be (6/(-9))/((-4)/(-6)). Is (-5514)/12*(-1 + g) a composite number?
False
Let x(b) = 20*b - 14. Suppose -s - 4*s + 60 = 0. Is x(s) a prime number?
False
Let m = 21 + 4612. Is m composite?
True
Let c = -887 + 1216. Is c prime?
False
Suppose -9*k + 314 = -7*k. Suppose -b = -2*b + k. Is b a composite number?
False
Let j = -132 - 122. Let a(f) = f**2 + 16*f + 42. Let i be a(-8). Is j/(-4) + 33/i composite?
True
Let r be 2 - 5 - (1 + -6). Suppose r = f, -4*o = -o + 3*f - 429. Is o a prime number?
False
Is (-13541 + 7 + -1)*-1 composite?
True
Suppose 129290 = -6*j + 16*j. Is j composite?
True
Let h = 976 - 1470. Let x be h - (-4 - -7) - -2. Let q = 698 + x. Is q a prime number?
False
Let z = 14 - -8. Let x = -185 - -205. Let i = z - x. Is i a composite number?
False
Is 2/((-20106)/(-80232) + 1/(-4)) composite?
False
Let o be (22/4 - 3)/((-2)/(-500)). Suppose 4*h + o = 3461. Is h a prime number?
True
Is (-4)/(-6)*3*2294/4 a composite number?
True
Let w(g) = 7*g**3 + 2*g**2 - 4*g - 7. Let m be w(5). Let v = m + -517. Is v prime?
False
Let w be 100/(-25) - (-1 - -355). Suppose 2*g - 3*y + 2757 = 6*g, y - 3 = 0. Let m = g + w. Is m a composite number?
True
Let r(q) = 3*q - 16. Let a be 1/8*4*0. Suppose 5*d - 48 - 17 = a. Is r(d) a composite number?
False
Suppose -2*s - 120 = 422. Let z be ((-24)/14)/(6/42). Let m = z - s. Is m prime?
False
Suppose -10*t = -46884 - 187406. Is t a composite number?
True
Suppose -2*d = -j - 2 - 0, 3*j = d - 21. Is 1/2 + (-7668)/j a prime number?
False
Suppose 0 = 5*p + l - 6, 0 = p + 5*l - l - 5. Let k(j) = -54*j - 2. Let x(t) = 1. Let s(a) = p*k(a) - x(a). Is s(-5) composite?
True
Let f be -3 + (-8)/(16/(-4)). Let l be (-4)/((-1 + f)*1). Is 2/l - (-249 - 7) a prime number?
True
Is 1/((-62)/(-62) - (-29936)/(-29938)) a composite number?
False
Let t = 33 + -29. Suppose -5*g = -5*j + 8110, -t*g + 2183 = 5*j - 5936. Is j composite?
True
Is 10/(-5)*(5 + 932/(-8)) prime?
True
Let y(v) = -5*v + 3 - 5 + 5*v**2 + 2 - 5. Is y(-3) composite?
True
Let a(y) = -3*y**3 - 13*y**2 + 2*y + 13. Is a(-14) a prime number?
True
Is 3/((-81)/653517)*-3 a prime number?
True
Let t(o) = -o**3 + 2*o**2 + 4*o + 1. Suppose 0 = -4*i + 2*w + 16, 4*w + 15 = 3*i + w. Let f be t(i). Is (14/f)/((-8)/(-368)) a prime number?
False
Let l(y) = 674*y**2 + 25*y + 107. Is l(-6) a composite number?
True
Let i be (-4)/(-22) + (-1)/((-77)/3913). Is (34/i)/((-4)/(-2238)) a composite number?
False
Suppose -543 = -6*x + 1917. Suppose 2*f - 1554 = x. Is f composite?
True
Let s = 439 + -235. Suppose -4*g + 3*g = -s. Suppose -3*b = b - g. Is b a composite number?
True
Let z = 570 + -569. Let y be (1 - 3382/2)*-4. Is 3*z + y/10 prime?
False
Suppose 0 = -f - 2*j - 3*j + 704, -2095 = -3*f + 2*j. Let l = f + -1026. Let x = 170 - l. Is x a composite number?
True
Suppose 8*q - 1869 = 155. Suppose -d - 759 = -3*a, -a - 7*d + q = -3*d. Is a a prime number?
False
Suppose 3*r - 3*b - 3 = 0, -r = 13*b - 9*b + 14. Is (6 - -1895)/(r/(-2)) a composite number?
False
Suppose 104*v - 8633224 - 5640256 